 + 1. Let w(z) = 4*z**3 - z**2 + 3*z + 3. Let a(m) = 2*q(m) - w(m). Let r be a(1). Let p = r - -12. What are the prime factors of p?
11
What are the prime factors of 286/(-65)*((-225)/3 + 0)?
2, 3, 5, 11
Suppose -b - 5 = 1. Let h be 117/2 - b/(-4). Suppose 4*d = d + h. What are the prime factors of d?
19
Suppose -3*v + 388 + 89 = 0. What are the prime factors of v?
3, 53
What are the prime factors of (-242)/847 - 2095/(-7)?
13, 23
Let s be -273*((-8)/4 - -1). Let f = s - 36. What are the prime factors of f?
3, 79
Let o(v) = 61*v**2 - 39*v + 158. What are the prime factors of o(5)?
2, 3, 31
What are the prime factors of (-1)/(((-24)/(-4206))/(-4))?
701
Let t = 1096 + 1446. What are the prime factors of t?
2, 31, 41
Suppose -4*z - 62 - 50 = 0. Let i = z - -40. Let h(q) = q**3 - 12*q**2 - q + 15. What are the prime factors of h(i)?
3
Let s be (2 - (1 - 0))*0. Let b be (-406)/(-49) - (-2)/(-7). Suppose s = -4*k + b*k - 8. What are the prime factors of k?
2
Let d = -34 + 49. Suppose 0 = -3*r - x - d, -3*r + 2*x - 23 - 1 = 0. List the prime factors of (r + 7)/(2/58).
29
Let u(p) = 22*p**2 + 32*p + 94. What are the prime factors of u(-11)?
2, 601
Let g be (5 - -3)/(-4) - 6. Let n be 2/(g/12)*-1. Suppose 8*o = n*o + 210. List the prime factors of o.
2, 3, 7
Let d = 266 + -264. Let g(z) = -z**3 - 4*z**2 + 4*z + 7. Let f be g(-5). Let x = f - d. List the prime factors of x.
2, 5
Suppose -2*v = -3*v + 50. Let i(w) = -160*w**3 + w + 1. Let d be i(-1). What are the prime factors of d/v*10/4?
2
Let t = -123 - -125. Let q = -2 + 11. Suppose 0 = t*j - 47 - q. List the prime factors of j.
2, 7
Suppose -5*w = -5*a - 815, 6*a - 3*a = -3. List the prime factors of w.
2, 3
Let q = -2878 - -6253. What are the prime factors of q?
3, 5
Let m be ((-3)/9)/((-2)/(-12)). Let p be m/6 + 295/(-15). Let f = -1 - p. What are the prime factors of f?
19
Let d(l) be the third derivative of l**5/10 - l**4/24 + l**3/3 - 2*l**2. List the prime factors of d(3).
53
Suppose 4*m + 2*i = 2370, -4*i + 1017 = 3*m - 758. What are the prime factors of m?
593
Let h(u) = -5*u**3 - 31*u**2 + 54*u - 90. Let f(i) = -3*i**3 - 21*i**2 + 36*i - 60. Let w(x) = -8*f(x) + 5*h(x). What are the prime factors of w(11)?
2, 37
Let a = 606 + -202. What are the prime factors of a?
2, 101
Suppose 164 = -4*n + n + x, 20 = -5*x. List the prime factors of (-61)/(-2) + (-28)/n.
31
Let m(p) = 16 - 3*p**2 + 4*p**2 + 2*p - 5*p - p. What are the prime factors of m(7)?
37
Let v(d) = d**2 + 7*d + 3. Let j be v(-7). Let z(w) = 2*w - 3*w**j - w**3 + 0*w**2 - w**2 + 0*w**3. What are the prime factors of z(-2)?
2, 3
Let m = -104 - -168. Suppose 2*y - m = -2*y. Let h = 38 + y. What are the prime factors of h?
2, 3
Let s be 0 - ((-2 - -5) + -65). Suppose 0 = -5*x - 20 - 70. Let d = x + s. List the prime factors of d.
2, 11
Let x(n) = 18*n**2 - 6*n - 6. Let c be x(-3). Suppose 8*s = -c + 654. List the prime factors of s.
2, 3, 5
Let t = 1851 - 1104. List the prime factors of t.
3, 83
Let t(n) = -150*n - 16. Let u be t(-3). Suppose -2*w - 165 = 3*l - u, 0 = -4*w + l + 503. What are the prime factors of w?
127
Suppose 3*n = -d + 960, -2*d + 269 + 1659 = 4*n. What are the prime factors of d?
2, 3
Suppose 16878 = 32*h - 95698. List the prime factors of h.
2, 1759
Suppose -21*g + 5*g + 7664 = 0. What are the prime factors of g?
479
Let p be 124/6*6/4. Suppose 0*w = -6*w + 42. Let d = w + p. What are the prime factors of d?
2, 19
What are the prime factors of 6 - (-901 - (-18 + 6))?
5, 179
Suppose 0*u + 5*b = -2*u + 1131, 0 = -3*u + 5*b + 1759. Let x = -352 + u. What are the prime factors of x?
2, 113
Suppose -90*q + 116*q - 117442 = 0. What are the prime factors of q?
4517
Suppose 0 = -5*d - 8 + 28. Suppose -4*t - 11 = 3*n + 33, 4*n + d*t + 52 = 0. What are the prime factors of (-244)/(-10) - n/(-20)?
2, 3
Let j = 1099 + 2102. What are the prime factors of j?
3, 11, 97
Let d(l) = 5*l**2 + 7*l - 4. Let g(h) = -5*h**2 - 8*h + 5. Let o(f) = 5*d(f) + 4*g(f). What are the prime factors of o(-2)?
2, 7
Suppose 16*i - 27*i + 4246 = 0. What are the prime factors of i?
2, 193
Let x = -578 - -358. Let c = x + 375. What are the prime factors of c?
5, 31
Let g = -746 + 1243. Suppose -744 = -3*i - 5*t + t, 0 = -2*i - 3*t + g. What are the prime factors of i?
2, 61
Suppose 12 = -0*q + 3*q. Suppose -20 = -5*s - 5*r, 0*s + 21 = q*s - r. Suppose -4*u - 62 = -5*l - u, -2*l + 21 = -s*u. List the prime factors of l.
13
What are the prime factors of (-13)/91 + 2 + 3720/21?
179
Suppose 0 = -2*z + 2*v + 14, 0 = z + 3*v - 23. Suppose -f - 94 = -5*k, 4 = -2*f - 4. Let u = k - z. List the prime factors of u.
7
Suppose -5*q = -15, 4*q + 5 = j + q. Let l = j - 9. Suppose -3*g - 76 = -l*g. List the prime factors of g.
2, 19
Suppose -2 - 14 = o. Let c be (-3 - 28/(-8))*o. List the prime factors of 2*5/c*-24.
2, 3, 5
Let z(k) = -33*k**2 - k - 2. Let w be z(-2). Let p = -65 - w. What are the prime factors of p?
67
Suppose -20*p - 15 = -25*p. Suppose -4*o + 2 = -2, -2*o = p*f - 134. List the prime factors of f.
2, 11
Suppose 5*x + 19*p = 21*p + 5339, 0 = 5*x - 5*p - 5345. List the prime factors of x.
11, 97
Let w(c) = -6*c**3 + 4*c**2 + 2*c - 4. Let f be w(-3). Let s = f - 127. What are the prime factors of s?
61
Let i(h) = h**3 - 2*h**2 + 3*h - 1. Let p be i(2). Suppose -5*m + 117 = 3*x, 5*x + p*m - 126 = 59. List the prime factors of x.
2, 17
Let p(w) = -516*w**3 + 6*w**2 + 9*w + 4. What are the prime factors of p(-1)?
11, 47
Suppose -5*i - 16 = -86. Let n be (-4)/i - 176/(-77). Suppose 3 = n*t - 69. What are the prime factors of t?
2, 3
Let q(o) = 5*o - 7. Let u be 1 + 2 - -5 - 2. What are the prime factors of q(u)?
23
Suppose 0 = 5*a + 5*f - 1700, 669 = -4*a - 3*f + 2030. What are the prime factors of a?
11, 31
Suppose -519 - 9 = -2*j. List the prime factors of j.
2, 3, 11
List the prime factors of 4/(-2 + -2)*0 + 117.
3, 13
Let k be (4/3)/((-16)/840). What are the prime factors of (-2842)/k - 2/(-5)?
41
Let w(j) = -j**3 + 8*j**2 - 2*j + 16. Let q be w(8). Suppose q = -12*y + 16*y - 416. What are the prime factors of y?
2, 13
Suppose -34*b + 214 = 3036. Suppose -x + 496 = 4*n + x, 620 = 5*n + x. Let g = b + n. List the prime factors of g.
41
Let y = -2879 - -4426. List the prime factors of y.
7, 13, 17
Suppose 12*w - 2745 = 6747. What are the prime factors of w?
7, 113
Let n(q) = 7*q**3 + q**2 + 3*q - 1. Let m = 20 - 18. List the prime factors of n(m).
5, 13
Let h = 16 - 8. Let t = h + -5. Suppose -i = -t*i + 74. List the prime factors of i.
37
Let u(x) = 3*x - 1. Let s be u(1). Suppose 4 + 8 = 4*b. List the prime factors of (s/(-5))/(b/(-180)).
2, 3
Let c(a) = a - a**3 + 11 - a**3 - a**2 + 2*a + a**3. List the prime factors of c(0).
11
Suppose 0 = -7*a + 153 + 1240. List the prime factors of a.
199
Suppose 0 = -3*l + 2*f - 4, f + 2*f - 6 = -5*l. Suppose 2*b - x - 265 = l, b - 2*b - 3*x + 129 = 0. List the prime factors of b.
2, 3, 11
Let j(d) = d**3 - 7*d**2 + 5*d - 10. Let h(w) = w**3 - 3*w**2 + 3*w - 2. Let f be h(3). What are the prime factors of j(f)?
5
Let f = -241 - -630. What are the prime factors of f?
389
Let k be (-104)/3 + 14/21. Let l = 24 + k. List the prime factors of 70/4*(-8)/l.
2, 7
Suppose 4*o + 5 = 9, -4*b + 4*o = -2192. List the prime factors of b.
3, 61
Let p be 1 - (1 + 0*(-1 + 0)). List the prime factors of 88 + (-3 - 0) + -3 + p.
2, 41
What are the prime factors of (308/12 - -5)*90/5?
2, 3, 23
Suppose -6*f + 10*f - 8 = 0. Suppose 0 = -f*b + z - 2, -2*z + 6 = -b + z. Suppose b = -3*p - v + 75, 0*v - 15 = -5*v. What are the prime factors of p?
2, 3
Let c be (3 - 9)*(-4)/(-12). Let y(h) = 3*h**3 + h**2 - h. Let w be y(1). What are the prime factors of c/(-6) - (-77)/w?
2, 13
Let u(m) = m**2 + 7*m + 14. Let i be u(-5). Suppose 2*v - 4*o = -7*o + 230, -i*o = -3*v + 311. What are the prime factors of v?
109
Let n be (-3344)/(-40) - 6/(-15). Let q = 264 - n. List the prime factors of q.
2, 3, 5
Let i = 464 + 25. List the prime factors of i.
3, 163
Let o(p) = 6*p + 3. Let l be o(4). Suppose -2*j = -j + 4*w - l, 39 = 5*j - 4*w. Let m(v) = -v**3 + 12*v**2 - 7*v + 11. List the prime factors of m(j).
5, 11
Suppose 4*x - 8 = -t - 4*t, -4 = -2*x - 3*t. Suppose x*c = c + 3. List the prime factors of c.
3
Let y(l) = -l + 9. Let d be y(10). List 